(u)?
-16
Let m(b) be the third derivative of -13 + 0*b - 4*b**2 - 1/120*b**6 + 1/20*b**5 - b**3 + 1/4*b**4. Calculate m(4).
2
Let h(l) = -3*l - 2*l + 3*l - 42 + 3*l + l. Let x(b) = -2*b + 37. Let d(k) = 4*h(k) + 5*x(k). Give d(12).
-7
Let v = 19564 - 19549. Let s(c) = -c**3 + 16*c**2 - 11*c - 21. What is s(v)?
39
Let d(n) = 53*n - 20*n + 3498420 - 3498394. Calculate d(-1).
-7
Let h = 92 - 90. Suppose 0*t = 2*t - 4*d - 8, 2*d + 12 = h*t. Let w(j) = -j**3 + 7*j**2 + 5*j + 5. Determine w(t).
-19
Let q(x) be the second derivative of x**5/60 + x**4/24 + 7*x**3/6 - 93*x**2 - 9*x. Let s(f) be the first derivative of q(f). Determine s(6).
49
Let o(s) be the third derivative of 5*s**4/24 - 4*s**3/3 - 3453*s**2. Calculate o(16).
72
Let f(s) = -7*s - 8. Let h = -9821 - -9806. What is f(h)?
97
Let y(j) = -48*j + 175. Let n(p) = 25*p - 105. Let q(l) = 5*n(l) + 3*y(l). Calculate q(2).
-38
Let n(a) be the third derivative of -13*a**4/24 - 251*a**3/6 + 13385*a**2. Calculate n(-20).
9
Suppose -83*d + 440 = 5*d. Let f(m) = m**3 - 3*m**2 - 10*m - 3. Calculate f(d).
-3
Let f(a) = 11 - 24 - 2*a + 13. Suppose 0 = -3*z - 4*j - 2, -4*z - j - 12 = 2*j. Give f(z).
12
Suppose -11*k = -12*k + 5*w + 19, -6 = 3*w. Suppose m - 3 = 2*m - 4*l, -3*m + 4*l - k = 0. Let z(n) = -n - 1. Determine z(m).
2
Let w(m) be the second derivative of -m**4/6 + 11*m**3/6 + 4*m**2 + 2*m - 12. Let h(q) = q**2 - 5*q - 5. Let v(i) = -7*h(i) - 4*w(i). Give v(9).
3
Let a(s) be the third derivative of -1/6*s**3 + 1/8*s**4 + 0 + 0*s - 23*s**2. Give a(-1).
-4
Let p(c) = c**3 + 12*c**2 - 8*c - 12. Let u(g) = -g**3 + 141*g**2 - 273*g - 708. Let i be u(139). Calculate p(i).
-77
Let c(m) = m**2 + 9*m - 9. Let r = -122 + 121. Let z be 9 + -13 + (r - (2 - -2)). Give c(z).
-9
Suppose -52 = 4*r - 4*s, 21*r + 5*s = 19*r - 33. Let j(i) = i**3 + 13*i**2 - 15*i - 8. Calculate j(r).
6
Suppose -6*r = -11*r + 5. Let f be -3 + r/(-1) - -8. Let q(d) = 0 - d + f*d**2 - 1 - 3*d**2 + 3*d. Calculate q(-3).
2
Let u(y) = -y**3 - 4*y**2 + 6*y + 1. Let h = 352 - -110. Suppose -h = -2*n - 2*o, n = -6*o + o + 219. Let z be n/(-54) - 2/3. Determine u(z).
-4
Let d(j) = -3 - 4*j - 21 + 4*j**2 + 4*j**2 + 0*j**2 - j**3. Let n be d(7). Let t(a) = a**3 - a. Determine t(n).
-24
Let z be -2 - 0 - (-1 + -3 - 8). Let d(o) = 21*o + 0 - 6 - 19*o - 1 - 8. Calculate d(z).
5
Let y(j) = 36 - j**2 + 35 + 38 - 140 + 29. Let o(x) = -x**3 - 6*x**2 + x + 9. Let n(m) = -o(m) + 2*y(m). What is n(-3)?
-1
Let h(p) be the first derivative of -p**4/4 - 7*p**3/3 - 5*p + 559. Determine h(0).
-5
Let t(j) be the first derivative of 7*j**3/3 + j**2/2 - 7*j - 350. Give t(2).
23
Let i(n) be the second derivative of n**4/4 - 43*n**3/6 + 9*n**2 - 554*n. Calculate i(14).
4
Let f(r) = -r**2 + 11*r**2 + 6 + 7 + r**3 - r - 4 - 26*r**2. Give f(16).
-7
Let x(t) = -3*t + 20. Let k(y) = y - 2. Let b(a) = 6*k(a) + x(a). Let n(r) = r - 1. Let z(s) = -b(s) + 4*n(s). Give z(0).
-12
Suppose 95*k + 1524 = 476*k. Let l(j) be the third derivative of 1/3*j**3 + 7*j**2 - 1/60*j**5 + 0 + 0*j**k + 0*j. Give l(0).
2
Let z = -11 - -15. Let p = -1418 - -1443. Suppose -6*d = -z*d - 5*f - p, -4*d = -2*f - 26. Let w(n) = 2*n**2 - 7*n - 1. Give w(d).
14
Let w be 16/88 + -3*(-6)/22. Suppose 5*j = w - 31. Let i(u) = 7*u + 4. Determine i(j).
-38
Suppose 27*o - 15 = 24*o. Suppose -10 = -c - 2*c - z, 4*z = -o*c + 26. Let y(v) = -2*v - 84 + 40 - c*v**2 + 40. Determine y(-3).
-16
Suppose -6*n + 4*f = -10*n, -5*n - 3*f + 4 = 0. Let m(i) = 27*i**2 + 6*i - 11. Give m(n).
109
Let x = 10 + -3. Suppose -460 = -185*j + 93*j. Let k(f) = j - x*f + 6*f - 10. Calculate k(-4).
-1
Let d be (6/4)/(96/320). Suppose -90 = 5*r + 2*k, 4*r - 5*k + 34 + d = 0. Let b(t) = -t - 23. Calculate b(r).
-7
Let z(y) = 7*y**3 - 15*y**2 + 31*y + 17. Let d(r) = r**3 + r + 2. Let g(h) = -6*d(h) + z(h). What is g(13)?
-8
Let q(n) = n**3 - 7*n**2 + 6*n + 4. Suppose 32*b = 53*b - 84. Determine q(b).
-20
Let r(x) = -11*x**2 + 9*x**2 + 17*x + 355 - 340 + 12*x**2. Determine r(-1).
8
Let q(z) = z**3 + 7*z**2 - 2*z + 5. Let p = -209 + 146. Let f be p/(-27)*3*(-1 + 0). Determine q(f).
19
Let b be (-4 - -8)/(5/10) - -2. Suppose -75 = b*v + 85. Let q(d) = -d**2 - 15*d + 21. What is q(v)?
5
Suppose 0*i - 68 = -4*i. Let a = i - -27. Suppose -43*x + 3 = -a*x. Let j(k) = k**3 + 5*k**2 + 3*k - 3. Determine j(x).
6
Let v(b) = 3*b**3 + 3*b**2. Suppose -5*g + 72 - 24 = z, 2*z - 72 = -4*g. Suppose 0 = c - 15*c - z. Calculate v(c).
-12
Let q(n) = -96 - 91*n**3 - 30*n**2 + 271*n**3 - 181*n**3 - 3*n. Determine q(-30).
-6
Let i(l) be the first derivative of l**4/4 - 7*l**3 - 19*l**2/2 - 51*l - 2043. Determine i(22).
15
Let q = -26680 - -26681. Let d(u) = 11*u**2 - 1. Give d(q).
10
Let c(b) = b**2 - 7. Let q be c(-3). Let x be (-10)/15*-54 + -5. Let w(m) = -2*m**q - 4*m**2 - x*m**3 + 32*m**3 - 2*m + 7. Determine w(6).
-5
Let p(h) = 10*h + 4. Let r(u) be the second derivative of 10*u**3/3 + 7*u**2/2 - 11*u. Let k(n) = 5*p(n) - 3*r(n). Give k(-1).
9
Let s(y) = 2 + 144*y**3 - 68*y**3 - y - 83*y**3. What is s(2)?
-56
Suppose 4*m + 2*d - 7*d - 287 = 0, -5*m - 2*d + 334 = 0. Let r be m/16 - 2 - (-2)/(-8). Let p(h) = -3*h**2 + 2*h + 1. Give p(r).
-7
Suppose 0 = -2*k + 3*g + 33, 5*k + 5*g - 40 = 4*g. Let f = 7 - 5. Let u(r) = -r + 30 + k*r - 39 - r**f. What is u(7)?
-2
Let k(v) = v**2 - 14*v + 24. Suppose -91*w + 81 = -401 - 337. Calculate k(w).
-21
Let b be (-66)/363 - (-13173)/33. Let l = b - 394. Let u(f) = -f**2 + 3*f - 3. Calculate u(l).
-13
Let z(q) = -q**3 - 8*q**2 - q. Suppose 5*r + b = 3*b + 48, r = -3*b + 13. Let k be -2*-2*-6*1/(-12). Let p = k - r. Give z(p).
8
Let r(n) be the first derivative of n**4/4 - 13*n**3/3 + 9*n**2/2 + 9*n + 6982. Give r(13).
126
Let g(w) be the second derivative of 5*w**3/3 - 9*w**2/2 - 287*w + 3. What is g(1)?
1
Suppose -13 = d + 2*t + t, -4*d - 22 = 2*t. Let g be 13 + -8 + (-3 - -2) + d. Let b(k) = k - 14. Determine b(g).
-14
Let i(u) = u**2 - 14*u - 28. Let g be i(16). Let q be 10 - (-2 + 3)/(2/g). Let c(t) = t**2 - 9*t. What is c(q)?
-8
Let g(d) = 3*d**2 - 48*d - d**2 + 0*d**2 + d**2 - 40 + 0*d**2. Let l be g(17). Let p(h) = -h**2 + 15*h - 12. Calculate p(l).
32
Let r(v) = 164*v + 18691. Let q be r(-114). Let b(t) = -t**3 - 2. Let i(u) = -2*u**3 + u**2 - u - 3. Let j(m) = 9*b(m) - 4*i(m). Determine j(q).
-1
Let q(n) = -n**3 + 3*n**2 + 3*n - 3. Let g be -4*7/14 + 6. Suppose 11 = g*i - k, 17*i + 3*k - 9 = 15*i. Determine q(i).
6
Let x(d) = d**2 - 2*d. Let i(w) = -2*w**2 + 37*w + 2 - 11*w - 16*w - 16*w. Let y be i(-2). Give x(y).
24
Let f(n) = -90*n + 451. Let k = -7233 + 7238. Determine f(k).
1
Let a(t) = -3*t**2 + 3*t + 17. Suppose -9 = 3*k, d - 43*k = -38*k + 12. What is a(d)?
-19
Let w(c) = -c**2 + 2*c + 4. Suppose -28*j - 44 = -32*j. Suppose n - 13 = -j. Let f be w(n). Let r(a) = -a**3 + 3*a**2 + 4. Determine r(f).
-12
Suppose -3*h + 118 = -2*o + 114, 4*h - 10 = -2*o. Let u(z) = 3*z**3 - 3*z**2 + 5*z - 5. Calculate u(h).
17
Let k(t) = -t**2 - 18*t. Suppose -2*s + 19 = -a + 32, -5*a - 15 = 0. What is k(s)?
80
Let z(h) = h - 7*h - 7*h - 4 + 3*h**3 + 9 - 15*h**2. Let n(u) = 2*u**3 - 8*u**2 - 7*u + 2. Let w(o) = 5*n(o) - 3*z(o). Suppose -4*t - 23 = -7. What is w(t)?
-5
Let v be 0/(-4)*(-5 + (-28)/(-7)). Suppose v = -4*f - 44. Let w(a) = -2*a**3 - 21*a**2 + 9*a - 24. Give w(f).
-2
Let j(r) = -r - 2. Let c(l) be the first derivative of l + 52. Let t(a) = -2*c(a) - j(a). Determine t(-1).
-1
Let u(s) be the third derivative of s**5/60 + 17*s**4/24 + s**3 - 14*s**2 + 54. Give u(-9).
-66
Let a(w) = -23*w + 20*w**2 + w**3 - 26 - 30*w**2 + 13*w. What is a(11)?
-15
Let k(p) = 18*p - 17. Suppose -4*h - 3*c = -5, -4*h + c - 17 = -42. Calculate k(h).
73
Suppose 539 + 66 = 11*r. Let o = 47 - r. Let t(j) = j**3 + 8*j**2 - j + 4. Calculate t(o).
12
Let f(p) = -4*p - 12. Let q = 19 - -26. Let k(m) = -m**3 + 44*m**2 + 49*m - 189. Let c be k(q). Determine f(c).
24
Let a be 2/(-1)*(27/(-3))/9. Let p(w) = -a*w - 24*w**2 + 53*w**2 - 32*w**2. Give p(-1).
-1
Let b = 3 - 2. Let c(h) = 9*h - b + h + 2*h. Let o(n) = n + 1. Let a be o(-2). What is c(a)?
-13
Let g(b) = -10*b**2 - 101*b - 11. Let x(k) = 9*k**2 + 89*k + 9. Let h(s) = 3*g(s) + 4*x(s). Calculate h(-10).
73
Let p(k) = -7*k - 82. Let u = -9125 - -9116. Give p(u).
-19
Let w(j) = -3*j